{"id":885,"date":"2024-09-13T20:05:59","date_gmt":"2024-09-13T20:05:59","guid":{"rendered":"https:\/\/www.familie-mainschleife.de\/?page_id=885"},"modified":"2024-09-13T20:06:01","modified_gmt":"2024-09-13T20:06:01","slug":"arbeitsgruppen","status":"publish","type":"page","link":"https:\/\/www.familie-mainschleife.de\/en\/arbeitsgruppen\/","title":{"rendered":"Arbeitsgruppen"},"content":{"rendered":"\n<p>Unsere Arbeitsgruppen sind das Herzst\u00fcck unseres Vereins und bieten eine wunderbare Gelegenheit, aktiv an der Gestaltung unseres Vereins teilzunehmen. Hier kommen engagierte Mitglieder zusammen, um Ideen auszutauschen, Projekte zu planen und Veranstaltungen zu organisieren, die das Familienleben an der Mainschleife bereichern.<\/p>\n\n\n\n<section id=\"g-w9wadba\" class=\"wp-block-gutentor-m4 section-g-w9wadba gutentor-module gutentor-advanced-columns\"><div class=\"grid-container\"><div class=\"grid-row\">\n<div id=\"col-gm768e17\" class=\"wp-block-gutentor-m4-col col-gm768e17 gutentor-single-column  grid-lg-4 grid-md-12 grid-12\"><div id=\"section-gm768e17\" class=\"section-gm768e17 gutentor-col-wrap\">\n<div id=\"section-g-s0rqahj\" class=\"wp-block-gutentor-e6 section-g-s0rqahj gutentor-element gutentor-element-image\"><div class=\"gutentor-element-image-box\"><div class=\"gutentor-image-thumb\"><img decoding=\"async\" class=\"normal-image\" src=\"http:\/\/www.familie-mainschleife.de\/wp-content\/uploads\/2024\/07\/shopping_bag_256dp_EE7150_FILL0_wght400_GRAD0_opsz48.png\" \/><\/div><\/div><\/div>\n\n\n\n<h3 class=\"wp-block-heading has-text-align-center\">Genussmarkt\/Fr\u00fchjahrsmarkt<\/h3>\n\n\n\n<p class=\"has-text-align-center\">M\u00e4rkte in Volkach ziehen Besucher*innen magisch an, insbesondere Bratwurstliebhaber*innen und Weingenie\u00dfer*innen. Allerdings sind sie ohne ausreichende Kinderangebote wenig attraktiv f\u00fcr Familien. Wir als Familie Mainschleife e.V. wollen die Stadt Volkach dabei unterst\u00fctzen, dies zu \u00e4ndern. Ein solcher Markttag wird dementsprechend eine sch\u00f6ne M\u00f6glichkeit sein, sich mit anderen Familien zu treffen, Kontakte zu kn\u00fcpfen und den Tag in heimischer Atmosph\u00e4re&nbsp;zu&nbsp;genie\u00dfen.<\/p>\n<\/div><\/div>\n\n\n\n<div id=\"col-gm5862ac\" class=\"wp-block-gutentor-m4-col col-gm5862ac gutentor-single-column  grid-lg-4 grid-md-12 grid-12\"><div id=\"section-gm5862ac\" class=\"section-gm5862ac gutentor-col-wrap\">\n<div id=\"section-g-ttddxts\" class=\"wp-block-gutentor-e6 section-g-ttddxts gutentor-element gutentor-element-image\"><div class=\"gutentor-element-image-box\"><div class=\"gutentor-image-thumb\"><img decoding=\"async\" class=\"normal-image\" src=\"http:\/\/www.familie-mainschleife.de\/wp-content\/uploads\/2024\/07\/flare_256dp_EE7150_FILL0_wght400_GRAD0_opsz48.png\" \/><\/div><\/div><\/div>\n\n\n\n<h3 class=\"wp-block-heading has-text-align-center\">St. Martin Umzug<\/h3>\n\n\n\n<p class=\"has-text-align-center\">Wir wollen das festliche Ereignis, das Tradition und Gemeinschaftsgeist vereint f\u00fcr alle zug\u00e4nglich machen. Gro\u00df und Klein in eine zauberhafte Lichterwelt eintauchen lassen. Gemeinsam mit dem Elternbeirat des Kindergartens und der Schule.<\/p>\n<\/div><\/div>\n\n\n\n<div id=\"col-g-17lx71g\" class=\"wp-block-gutentor-m4-col col-g-17lx71g gutentor-single-column  grid-lg-4 grid-md-12 grid-12\"><div id=\"section-g-17lx71g\" class=\"section-g-17lx71g gutentor-col-wrap\">\n<div id=\"section-g-i7veu5o\" class=\"wp-block-gutentor-e6 section-g-i7veu5o gutentor-element gutentor-element-image\"><div class=\"gutentor-element-image-box\"><div class=\"gutentor-image-thumb\"><img decoding=\"async\" class=\"normal-image\" src=\"http:\/\/www.familie-mainschleife.de\/wp-content\/uploads\/2024\/07\/apparel_256dp_EE7150_FILL0_wght400_GRAD0_opsz48.png\" \/><\/div><\/div><\/div>\n\n\n\n<h3 class=\"wp-block-heading\">Kinderkleider-Basar<\/h3>\n\n\n\n<p class=\"has-text-align-center\">Wir f\u00f6rdern nachhaltigen Konsum und bietet Familien die M\u00f6glichkeit, hochwertige Second-Hand-Kleidung zu kaufen und zu verkaufen. Der Elternbeirat der st\u00e4dtischen Tageseinrichtung im Kastanienhof Volkach \u00fcbernimmt dabei den Kuchen und Kaffeeverkauf und beh\u00e4lt den Erl\u00f6s daraus.<\/p>\n<\/div><\/div>\n<\/div><\/div><\/section>\n\n\n\n<section id=\"g-08d0734\" class=\"wp-block-gutentor-m4 section-g-08d0734 gutentor-module gutentor-advanced-columns\"><div class=\"grid-container\"><div class=\"grid-row\">\n<div id=\"col-g-sc4l391\" class=\"wp-block-gutentor-m4-col col-g-sc4l391 gutentor-single-column  grid-lg-4 grid-md-12 grid-12\"><div id=\"section-g-sc4l391\" class=\"section-g-sc4l391 gutentor-col-wrap\">\n<div id=\"section-g-f3d1yvw\" class=\"wp-block-gutentor-e6 section-g-f3d1yvw gutentor-element gutentor-element-image\"><div class=\"gutentor-element-image-box\"><div class=\"gutentor-image-thumb\"><img decoding=\"async\" class=\"normal-image\" src=\"http:\/\/www.familie-mainschleife.de\/wp-content\/uploads\/2024\/07\/comedy_mask_256dp_EE7150_FILL0_wght400_GRAD0_opsz48.png\" \/><\/div><\/div><\/div>\n\n\n\n<h3 class=\"wp-block-heading has-text-align-center\">Fasching<\/h3>\n\n\n\n<p class=\"has-text-align-center\">Wir m\u00f6chten wieder einen gro\u00dfen gemeinsamen Kinderfasching nach Volkach bringen &#8211; unser Ziel ist es das alle Kinder gemeinsam Fasching feiern k\u00f6nnen unabh\u00e4ngig davon in welchen Kindergarten\/Schule sie gehen.<\/p>\n<\/div><\/div>\n\n\n\n<div id=\"col-g-bisyxsx\" class=\"wp-block-gutentor-m4-col col-g-bisyxsx gutentor-single-column  grid-lg-4 grid-md-12 grid-12\"><div id=\"section-g-bisyxsx\" class=\"section-g-bisyxsx gutentor-col-wrap\">\n<div id=\"section-g-ay1lml8\" class=\"wp-block-gutentor-e6 section-g-ay1lml8 gutentor-element gutentor-element-image\"><div class=\"gutentor-element-image-box\"><div class=\"gutentor-image-thumb\"><img decoding=\"async\" class=\"normal-image\" src=\"http:\/\/www.familie-mainschleife.de\/wp-content\/uploads\/2024\/07\/sports_handball_256dp_EE7150_FILL0_wght400_GRAD0_opsz48.png\" \/><\/div><\/div><\/div>\n\n\n\n<h3 class=\"wp-block-heading has-text-align-center\">Spielpl\u00e4tze<\/h3>\n\n\n\n<p class=\"has-text-align-center\">Wir wollen die Gestaltung und Pflege unserer Spielpl\u00e4tze verbessern da sie entscheidend f\u00fcr die F\u00f6rderung von Spiel, Bewegung und sozialen Interaktionen unter Kindern ist.<\/p>\n<\/div><\/div>\n\n\n\n<div id=\"col-g-6fab3zt\" class=\"wp-block-gutentor-m4-col col-g-6fab3zt gutentor-single-column  grid-lg-4 grid-md-12 grid-12\"><div id=\"section-g-6fab3zt\" class=\"section-g-6fab3zt gutentor-col-wrap\">\n<div id=\"section-g-k5ssg15\" class=\"wp-block-gutentor-e6 section-g-k5ssg15 gutentor-element gutentor-element-image\"><div class=\"gutentor-element-image-box\"><div class=\"gutentor-image-thumb\"><img decoding=\"async\" class=\"normal-image\" src=\"http:\/\/www.familie-mainschleife.de\/wp-content\/uploads\/2024\/07\/account_child_invert_256dp_EE7150_FILL0_wght400_GRAD0_opsz481.png\" \/><\/div><\/div><\/div>\n\n\n\n<h3 class=\"wp-block-heading has-text-align-center\">Kinderschutzinsel<\/h3>\n\n\n\n<p class=\"has-text-align-center\">Wir wollen die Sicherheit unserer Kinder verbessern und die Kinderschutzinsel in Volkach einf\u00fchren. Es ist ein sicherer Ort, an dem Kinder in Notsituationen Hilfe finden k\u00f6nnen.<\/p>\n<\/div><\/div>\n<\/div><\/div><\/section>\n\n\n\n<section id=\"g-3e3ye1g\" class=\"wp-block-gutentor-m4 section-g-3e3ye1g gutentor-module gutentor-advanced-columns\"><div class=\"grid-container\"><div class=\"grid-row\">\n<div id=\"col-g-vl33q22\" class=\"wp-block-gutentor-m4-col col-g-vl33q22 gutentor-single-column  grid-lg-4 grid-md-12 grid-12\"><div id=\"section-g-vl33q22\" class=\"section-g-vl33q22 gutentor-col-wrap\">\n<div id=\"section-g-jf11h14\" class=\"wp-block-gutentor-e6 section-g-jf11h14 gutentor-element gutentor-element-image\"><div class=\"gutentor-element-image-box\"><div class=\"gutentor-image-thumb\"><img decoding=\"async\" class=\"normal-image\" src=\"http:\/\/www.familie-mainschleife.de\/wp-content\/uploads\/2024\/07\/energy_program_time_used_256dp_EE7150_FILL0_wght400_GRAD0_opsz48.png\" \/><\/div><\/div><\/div>\n\n\n\n<h3 class=\"wp-block-heading has-text-align-center\">Ferienprogramm<\/h3>\n\n\n\n<p class=\"has-text-align-center\">Ein gro\u00dfes Anliegen ist uns auch ein abwechslungsreiches Ferienprogramm in den Sommermonaten. <\/p>\n\n\n\n<p class=\"has-text-align-center\">Gemeinsam mit vielen unterschiedlichen Akteuren wollen wir als Familie Mainschleife e.V. das Angebot mitausgestalten und auch j\u00fcngeren Kindern zug\u00e4nglich machen. So wollen wir jungen Menschen die Gelegenheit bieten Abenteuer zu erleben, sich selbst auszuprobieren, neue Freundschaften zu kn\u00fcpfen, partizipativ mitzubestimmen und die gro\u00dfen Ferien rundum zu genie\u00dfen. <\/p>\n\n\n\n<p class=\"has-text-align-center\">Durch Angebote aus den Bereichen Natur und Umwelt, Musik und Kultur sowie Kreativit\u00e4t und Bewegung soll das Ferienprogramm abwechslungsreich und vielf\u00e4ltig gestaltet werden. <\/p>\n\n\n\n<p class=\"has-text-align-center\">Wir freuen uns auf Sommermonate, die vollgepackt mit Freude und erf\u00fcllt von Kinderlachen sind!<\/p>\n<\/div><\/div>\n\n\n\n<div id=\"col-g-qddm19j\" class=\"wp-block-gutentor-m4-col col-g-qddm19j gutentor-single-column  grid-lg-4 grid-md-12 grid-12\"><div id=\"section-g-qddm19j\" class=\"section-g-qddm19j gutentor-col-wrap\">\n<div id=\"section-g-5zviaye\" class=\"wp-block-gutentor-e6 section-g-5zviaye gutentor-element gutentor-element-image\"><div class=\"gutentor-element-image-box\"><div class=\"gutentor-image-thumb\"><img decoding=\"async\" class=\"normal-image\" src=\"http:\/\/www.familie-mainschleife.de\/wp-content\/uploads\/2024\/07\/crowdsource_256dp_EE7150_FILL0_wght400_GRAD0_opsz48.png\" \/><\/div><\/div><\/div>\n\n\n\n<h3 class=\"wp-block-heading has-text-align-center\">F\u00f6rderungen\/Stiftungen<\/h3>\n\n\n\n<p class=\"has-text-align-center\">Vereinsarbeit kostet Geld. Die Mitgliedsbeitr\u00e4ge alleine reichen nicht aus, um s\u00e4mtliche Kosten zu decken und den Verein voranzubringen. <\/p>\n\n\n\n<p class=\"has-text-align-center\">Ohne finanzielle Unterst\u00fctzung durch F\u00f6rderer und Geldgeber s\u00e4he es d\u00fcster aus.<\/p>\n\n\n\n<p class=\"has-text-align-center\">Freiwillig Engagierte spenden etwas unglaublich Wertvolles \u2013 ihre Zeit. Damit sie dies tun k\u00f6nnen, braucht es auch finanzielle Mittel, um Engagement gut, nachhaltig und wertsch\u00e4tzend gestalten zu k\u00f6nnen. <\/p>\n\n\n\n<p class=\"has-text-align-center\">Wir freuen uns \u00fcber jeden der unsere Familie unterst\u00fctzt, ehrenamtlich und auch\u00a0finanziell.<\/p>\n<\/div><\/div>\n\n\n\n<div id=\"col-g-ucf4jqh\" class=\"wp-block-gutentor-m4-col col-g-ucf4jqh gutentor-single-column  grid-lg-4 grid-md-12 grid-12\"><div id=\"section-g-ucf4jqh\" class=\"section-g-ucf4jqh gutentor-col-wrap\"><\/div><\/div>\n<\/div><\/div><\/section>\n\n\n\n<div style=\"height:100px\" aria-hidden=\"true\" class=\"wp-block-spacer\"><\/div>\n\n\n\n<h4 class=\"wp-block-heading has-text-align-center\">Wir suchen aktive Mitglieder, die in unseren aktuellen Arbeitsgruppen mitwirken wollen!<\/h4>\n","protected":false},"excerpt":{"rendered":"<p>Unsere Arbeitsgruppen sind das Herzst\u00fcck unseres Vereins und bieten eine wunderbare Gelegenheit, aktiv an der Gestaltung unseres Vereins teilzunehmen. Hier kommen engagierte Mitglieder zusammen, um Ideen auszutauschen, Projekte zu planen und Veranstaltungen zu organisieren, die das Familienleben an der Mainschleife bereichern. Wir suchen aktive Mitglieder, die in unseren aktuellen Arbeitsgruppen mitwirken wollen!<\/p>\n","protected":false},"author":2,"featured_media":0,"parent":0,"menu_order":0,"comment_status":"closed","ping_status":"closed","template":"","meta":{"footnotes":""},"class_list":["post-885","page","type-page","status-publish","hentry"],"_links":{"self":[{"href":"https:\/\/www.familie-mainschleife.de\/en\/wp-json\/wp\/v2\/pages\/885","targetHints":{"allow":["GET"]}}],"collection":[{"href":"https:\/\/www.familie-mainschleife.de\/en\/wp-json\/wp\/v2\/pages"}],"about":[{"href":"https:\/\/www.familie-mainschleife.de\/en\/wp-json\/wp\/v2\/types\/page"}],"author":[{"embeddable":true,"href":"https:\/\/www.familie-mainschleife.de\/en\/wp-json\/wp\/v2\/users\/2"}],"replies":[{"embeddable":true,"href":"https:\/\/www.familie-mainschleife.de\/en\/wp-json\/wp\/v2\/comments?post=885"}],"version-history":[{"count":26,"href":"https:\/\/www.familie-mainschleife.de\/en\/wp-json\/wp\/v2\/pages\/885\/revisions"}],"predecessor-version":[{"id":958,"href":"https:\/\/www.familie-mainschleife.de\/en\/wp-json\/wp\/v2\/pages\/885\/revisions\/958"}],"wp:attachment":[{"href":"https:\/\/www.familie-mainschleife.de\/en\/wp-json\/wp\/v2\/media?parent=885"}],"curies":[{"name":"wp","href":"https:\/\/api.w.org\/{rel}","templated":true}]}}

<p>Unsere Arbeitsgruppen sind das Herzstück unseres Vereins und bieten eine wunderbare Gelegenheit, aktiv an der Gestaltung unseres Vereins teilzunehmen. Hier kommen engagierte Mitglieder zusammen, um Ideen auszutauschen, Projekte zu planen und Veranstaltungen zu organisieren, die das Familienleben an der Mainschleife bereichern.</p>



<section id="g-w9wadba" class="wp-block-gutentor-m4 section-g-w9wadba gutentor-module gutentor-advanced-columns"><div class="grid-container"><div class="grid-row">
<div id="col-gm768e17" class="wp-block-gutentor-m4-col col-gm768e17 gutentor-single-column  grid-lg-4 grid-md-12 grid-12"><div id="section-gm768e17" class="section-gm768e17 gutentor-col-wrap">
<div id="section-g-s0rqahj" class="wp-block-gutentor-e6 section-g-s0rqahj gutentor-element gutentor-element-image"><div class="gutentor-element-image-box"><div class="gutentor-image-thumb"><img decoding="async" class="normal-image" src="http://www.familie-mainschleife.de/wp-content/uploads/2024/07/shopping_bag_256dp_EE7150_FILL0_wght400_GRAD0_opsz48.png" /></div></div></div>



<h3 class="wp-block-heading has-text-align-center">Genussmarkt/Frühjahrsmarkt</h3>



<p class="has-text-align-center">Märkte in Volkach ziehen Besucher*innen magisch an, insbesondere Bratwurstliebhaber*innen und Weingenießer*innen. Allerdings sind sie ohne ausreichende Kinderangebote wenig attraktiv für Familien. Wir als Familie Mainschleife e.V. wollen die Stadt Volkach dabei unterstützen, dies zu ändern. Ein solcher Markttag wird dementsprechend eine schöne Möglichkeit sein, sich mit anderen Familien zu treffen, Kontakte zu knüpfen und den Tag in heimischer Atmosphäre&nbsp;zu&nbsp;genießen.</p>
</div></div>



<div id="col-gm5862ac" class="wp-block-gutentor-m4-col col-gm5862ac gutentor-single-column  grid-lg-4 grid-md-12 grid-12"><div id="section-gm5862ac" class="section-gm5862ac gutentor-col-wrap">
<div id="section-g-ttddxts" class="wp-block-gutentor-e6 section-g-ttddxts gutentor-element gutentor-element-image"><div class="gutentor-element-image-box"><div class="gutentor-image-thumb"><img decoding="async" class="normal-image" src="http://www.familie-mainschleife.de/wp-content/uploads/2024/07/flare_256dp_EE7150_FILL0_wght400_GRAD0_opsz48.png" /></div></div></div>



<h3 class="wp-block-heading has-text-align-center">St. Martin Umzug</h3>



<p class="has-text-align-center">Wir wollen das festliche Ereignis, das Tradition und Gemeinschaftsgeist vereint für alle zugänglich machen. Groß und Klein in eine zauberhafte Lichterwelt eintauchen lassen. Gemeinsam mit dem Elternbeirat des Kindergartens und der Schule.</p>
</div></div>



<div id="col-g-17lx71g" class="wp-block-gutentor-m4-col col-g-17lx71g gutentor-single-column  grid-lg-4 grid-md-12 grid-12"><div id="section-g-17lx71g" class="section-g-17lx71g gutentor-col-wrap">
<div id="section-g-i7veu5o" class="wp-block-gutentor-e6 section-g-i7veu5o gutentor-element gutentor-element-image"><div class="gutentor-element-image-box"><div class="gutentor-image-thumb"><img decoding="async" class="normal-image" src="http://www.familie-mainschleife.de/wp-content/uploads/2024/07/apparel_256dp_EE7150_FILL0_wght400_GRAD0_opsz48.png" /></div></div></div>



<h3 class="wp-block-heading">Kinderkleider-Basar</h3>



<p class="has-text-align-center">Wir fördern nachhaltigen Konsum und bietet Familien die Möglichkeit, hochwertige Second-Hand-Kleidung zu kaufen und zu verkaufen. Der Elternbeirat der städtischen Tageseinrichtung im Kastanienhof Volkach übernimmt dabei den Kuchen und Kaffeeverkauf und behält den Erlös daraus.</p>
</div></div>
</div></div></section>



<section id="g-08d0734" class="wp-block-gutentor-m4 section-g-08d0734 gutentor-module gutentor-advanced-columns"><div class="grid-container"><div class="grid-row">
<div id="col-g-sc4l391" class="wp-block-gutentor-m4-col col-g-sc4l391 gutentor-single-column  grid-lg-4 grid-md-12 grid-12"><div id="section-g-sc4l391" class="section-g-sc4l391 gutentor-col-wrap">
<div id="section-g-f3d1yvw" class="wp-block-gutentor-e6 section-g-f3d1yvw gutentor-element gutentor-element-image"><div class="gutentor-element-image-box"><div class="gutentor-image-thumb"><img decoding="async" class="normal-image" src="http://www.familie-mainschleife.de/wp-content/uploads/2024/07/comedy_mask_256dp_EE7150_FILL0_wght400_GRAD0_opsz48.png" /></div></div></div>



<h3 class="wp-block-heading has-text-align-center">Fasching</h3>



<p class="has-text-align-center">Wir möchten wieder einen großen gemeinsamen Kinderfasching nach Volkach bringen &#8211; unser Ziel ist es das alle Kinder gemeinsam Fasching feiern können unabhängig davon in welchen Kindergarten/Schule sie gehen.</p>
</div></div>



<div id="col-g-bisyxsx" class="wp-block-gutentor-m4-col col-g-bisyxsx gutentor-single-column  grid-lg-4 grid-md-12 grid-12"><div id="section-g-bisyxsx" class="section-g-bisyxsx gutentor-col-wrap">
<div id="section-g-ay1lml8" class="wp-block-gutentor-e6 section-g-ay1lml8 gutentor-element gutentor-element-image"><div class="gutentor-element-image-box"><div class="gutentor-image-thumb"><img decoding="async" class="normal-image" src="http://www.familie-mainschleife.de/wp-content/uploads/2024/07/sports_handball_256dp_EE7150_FILL0_wght400_GRAD0_opsz48.png" /></div></div></div>



<h3 class="wp-block-heading has-text-align-center">Spielplätze</h3>



<p class="has-text-align-center">Wir wollen die Gestaltung und Pflege unserer Spielplätze verbessern da sie entscheidend für die Förderung von Spiel, Bewegung und sozialen Interaktionen unter Kindern ist.</p>
</div></div>



<div id="col-g-6fab3zt" class="wp-block-gutentor-m4-col col-g-6fab3zt gutentor-single-column  grid-lg-4 grid-md-12 grid-12"><div id="section-g-6fab3zt" class="section-g-6fab3zt gutentor-col-wrap">
<div id="section-g-k5ssg15" class="wp-block-gutentor-e6 section-g-k5ssg15 gutentor-element gutentor-element-image"><div class="gutentor-element-image-box"><div class="gutentor-image-thumb"><img decoding="async" class="normal-image" src="http://www.familie-mainschleife.de/wp-content/uploads/2024/07/account_child_invert_256dp_EE7150_FILL0_wght400_GRAD0_opsz481.png" /></div></div></div>



<h3 class="wp-block-heading has-text-align-center">Kinderschutzinsel</h3>



<p class="has-text-align-center">Wir wollen die Sicherheit unserer Kinder verbessern und die Kinderschutzinsel in Volkach einführen. Es ist ein sicherer Ort, an dem Kinder in Notsituationen Hilfe finden können.</p>
</div></div>
</div></div></section>



<section id="g-3e3ye1g" class="wp-block-gutentor-m4 section-g-3e3ye1g gutentor-module gutentor-advanced-columns"><div class="grid-container"><div class="grid-row">
<div id="col-g-vl33q22" class="wp-block-gutentor-m4-col col-g-vl33q22 gutentor-single-column  grid-lg-4 grid-md-12 grid-12"><div id="section-g-vl33q22" class="section-g-vl33q22 gutentor-col-wrap">
<div id="section-g-jf11h14" class="wp-block-gutentor-e6 section-g-jf11h14 gutentor-element gutentor-element-image"><div class="gutentor-element-image-box"><div class="gutentor-image-thumb"><img decoding="async" class="normal-image" src="http://www.familie-mainschleife.de/wp-content/uploads/2024/07/energy_program_time_used_256dp_EE7150_FILL0_wght400_GRAD0_opsz48.png" /></div></div></div>



<h3 class="wp-block-heading has-text-align-center">Ferienprogramm</h3>



<p class="has-text-align-center">Ein großes Anliegen ist uns auch ein abwechslungsreiches Ferienprogramm in den Sommermonaten. </p>



<p class="has-text-align-center">Gemeinsam mit vielen unterschiedlichen Akteuren wollen wir als Familie Mainschleife e.V. das Angebot mitausgestalten und auch jüngeren Kindern zugänglich machen. So wollen wir jungen Menschen die Gelegenheit bieten Abenteuer zu erleben, sich selbst auszuprobieren, neue Freundschaften zu knüpfen, partizipativ mitzubestimmen und die großen Ferien rundum zu genießen. </p>



<p class="has-text-align-center">Durch Angebote aus den Bereichen Natur und Umwelt, Musik und Kultur sowie Kreativität und Bewegung soll das Ferienprogramm abwechslungsreich und vielfältig gestaltet werden. </p>



<p class="has-text-align-center">Wir freuen uns auf Sommermonate, die vollgepackt mit Freude und erfüllt von Kinderlachen sind!</p>
</div></div>



<div id="col-g-qddm19j" class="wp-block-gutentor-m4-col col-g-qddm19j gutentor-single-column  grid-lg-4 grid-md-12 grid-12"><div id="section-g-qddm19j" class="section-g-qddm19j gutentor-col-wrap">
<div id="section-g-5zviaye" class="wp-block-gutentor-e6 section-g-5zviaye gutentor-element gutentor-element-image"><div class="gutentor-element-image-box"><div class="gutentor-image-thumb"><img decoding="async" class="normal-image" src="http://www.familie-mainschleife.de/wp-content/uploads/2024/07/crowdsource_256dp_EE7150_FILL0_wght400_GRAD0_opsz48.png" /></div></div></div>



<h3 class="wp-block-heading has-text-align-center">Förderungen/Stiftungen</h3>



<p class="has-text-align-center">Vereinsarbeit kostet Geld. Die Mitgliedsbeiträge alleine reichen nicht aus, um sämtliche Kosten zu decken und den Verein voranzubringen. </p>



<p class="has-text-align-center">Ohne finanzielle Unterstützung durch Förderer und Geldgeber sähe es düster aus.</p>



<p class="has-text-align-center">Freiwillig Engagierte spenden etwas unglaublich Wertvolles – ihre Zeit. Damit sie dies tun können, braucht es auch finanzielle Mittel, um Engagement gut, nachhaltig und wertschätzend gestalten zu können. </p>



<p class="has-text-align-center">Wir freuen uns über jeden der unsere Familie unterstützt, ehrenamtlich und auch finanziell.</p>
</div></div>



<div id="col-g-ucf4jqh" class="wp-block-gutentor-m4-col col-g-ucf4jqh gutentor-single-column  grid-lg-4 grid-md-12 grid-12"><div id="section-g-ucf4jqh" class="section-g-ucf4jqh gutentor-col-wrap"></div></div>
</div></div></section>



<div style="height:100px" aria-hidden="true" class="wp-block-spacer"></div>



<h4 class="wp-block-heading has-text-align-center">Wir suchen aktive Mitglieder, die in unseren aktuellen Arbeitsgruppen mitwirken wollen!</h4>

<p>Unsere Arbeitsgruppen sind das Herzstück unseres Vereins und bieten eine wunderbare Gelegenheit, aktiv an der Gestaltung unseres Vereins teilzunehmen. Hier kommen engagierte Mitglieder zusammen, um Ideen auszutauschen, Projekte zu planen und Veranstaltungen zu organisieren, die das Familienleben an der Mainschleife bereichern. Wir suchen aktive Mitglieder, die in unseren aktuellen Arbeitsgruppen mitwirken wollen!</p>
